2*r - 472. Determine j(79).
2
Let c(b) = -55*b - 644. Calculate c(-13).
71
Let k(n) = -2*n**2 + 561*n - 2227. What is k(4)?
-15
Let q(a) = -7*a**3 + a**2 - 48*a + 141. Give q(3).
-183
Let r(i) = 3*i**2 + 162*i - 5004. What is r(-76)?
12
Let y(n) = -n**2 + 16*n - 36. Give y(10).
24
Let z(q) = -4*q**2 - 7*q + 206. What is z(-13)?
-379
Let f(l) = -229*l - 6. What is f(1)?
-235
Let j(a) = 6*a - 63. Give j(47).
219
Let m(b) = -123*b + 69. Give m(1).
-54
Let f(g) = 139*g**2 - 2509*g - 23. Give f(18).
-149
Let c(i) = -227*i + 198. What is c(1)?
-29
Let c(d) = 2*d - 248. Determine c(-34).
-316
Let j(l) = -6*l**2 - 99*l + 3. Determine j(-16).
51
Let i(m) = m**3 + 25*m**2 - 27*m - 27. Determine i(-26).
-1
Let g(u) = u**3 - 17*u**2 + 112*u - 248. Give g(4).
-8
Let l(u) = -u**2 + 26*u - 191. Give l(14).
-23
Let q(d) = 28*d + 2187. Calculate q(-63).
423
Let g(q) = -424*q - 5073. Calculate g(-12).
15
Let p(n) = 3*n**3 + 12*n**2 + 11*n + 14. Determine p(-5).
-116
Let c(s) = -4*s**2 - 177*s + 147. Give c(-43).
362
Let a(i) = 9*i**2 + 158*i + 759. What is a(-5)?
194
Let i(c) = -25*c + 276. Give i(18).
-174
Let t(u) = 5009*u + 15041. Give t(-3).
14
Let d(p) = 2*p**3 + 7*p**2 - 586*p + 54. Calculate d(-19).
-3
Let u(b) = 73*b + 1493. Determine u(-22).
-113
Let f(c) = -c**2 - 293*c + 2110. Give f(7).
10
Let b(y) = y**2 + 34*y + 276. What is b(-17)?
-13
Let m(l) = -2*l**3 - 3*l**2 + 18*l + 40. What is m(-2)?
8
Let r(t) = t**3 - 12*t**2 - 21*t + 75. Calculate r(-3).
3
Let t(i) = 5581*i + 11155. Determine t(-2).
-7
Let a(w) = 264*w - 33. What is a(0)?
-33
Let m(t) = -5*t**2 - t + 2. Determine m(-2).
-16
Let j(x) = -2*x**2 + 37*x - 8. Calculate j(17).
43
Let u(z) = -6*z**2 - 58*z - 43. What is u(-9)?
-7
Let c(t) = 176*t**2 + 26*t + 7. Calculate c(-1).
157
Let n(a) = -a**3 - 24*a**2 + 38*a + 234. What is n(-25)?
-91
Let l(c) = c**3 + 53*c**2 - 50*c + 184. Determine l(-54).
-32
Let o(m) = 84*m + 171. Determine o(-3).
-81
Let b(c) = -16*c**3 + 3872*c**2 + 3. Give b(242).
3
Let t(k) = 587*k + 293. Determine t(-1).
-294
Let v(x) = -12*x**3 + 105*x**2 + 18*x + 85. Calculate v(9).
4
Let u(d) = -d**3 - 9*d**2 - 6*d + 6. Determine u(-2).
-10
Let l(z) = z**3 - 40*z**2 + 78*z - 196. Calculate l(38).
-120
Let o(z) = -4*z**3 + 114*z**2 - 65*z + 223. What is o(28)?
-29
Let i(v) = -3*v**3 - 1184*v**2 + 347*v - 18965. Give i(-395).
-5
Let b(a) = 241*a**2 + 5*a - 4. Determine b(1).
242
Let b(o) = 189*o + 899. Give b(-3).
332
Let w(p) = -628*p - 4401. Determine w(-7).
-5
Let b(o) = 433*o - 180132. Calculate b(416).
-4
Let r(u) = -u**3 - 54*u**2 + 234*u + 64. Calculate r(-58).
-52
Let i(m) = -2*m**3 - 104*m**2 + 132*m + 1381. Calculate i(-53).
3
Let h(g) = 3*g**3 + 13*g**2 + g + 25. Determine h(-5).
-30
Let i(u) = -443*u**3 - 6*u**2 + 2*u + 2. Calculate i(-1).
437
Let l(u) = -u**3 + 2*u**2 - 51*u - 299. Give l(-4).
1
Let z(x) = 42*x + 26. Calculate z(2).
110
Let n(k) = 3*k**3 - 3*k**2 - 22*k + 76. Give n(4).
132
Let c(b) = -2*b**3 - 5*b**2 + 47*b + 99. Give c(-2).
1
Let h(l) = 13*l + 333. Give h(-25).
8
Let c(a) = -161*a**2 + 328*a - 7. Calculate c(2).
5
Let x(j) = 31*j - 981. Calculate x(32).
11
Let q(o) = -o**3 + 8*o**2 - 35*o - 2. Calculate q(4).
-78
Let f(t) = -551*t + 2214. Give f(4).
10
Let r(a) = -a**3 + 50*a**2 - 634*a + 278. Calculate r(26).
18
Let q(o) = -19*o + 1788. What is q(93)?
21
Let z(g) = 17*g + 306. Determine z(-33).
-255
Let l(u) = u**2 + 12*u - 79. Give l(7).
54
Let p(n) = -6*n - 41. What is p(-10)?
19
Let o(q) = -168*q + 23. Calculate o(0).
23
Let g(h) = 5*h**2 + 87*h - 751. Calculate g(-24).
41
Let r(o) = 2*o**2 + 276*o + 3267. Determine r(-13).
17
Let h(y) = -3459*y - 20753. Determine h(-6).
1
Let v(l) = -2*l**2 - 19*l + 16. Calculate v(-5).
61
Let g(a) = -a**3 + 103*a**2 - 302*a + 217. Determine g(100).
17
Let w(t) = t**3 - 6*t**2 + 182*t - 660. Calculate w(4).
36
Let v(c) = -60*c - 214. What is v(-8)?
266
Let p(n) = -2*n**3 - 98*n**2 + 92*n - 110. Give p(-50).
290
Let l(t) = -16*t**2 - 436*t - 101. Give l(-27).
7
Let o(k) = -3*k**3 - 77*k**2 - 48*k + 9. What is o(-25)?
-41
Let f(m) = -m**2 - 84*m - 1041. What is f(-71)?
-118
Let n(q) = -q**3 - q**2 + 131*q + 64. Determine n(11).
53
Let p(b) = 37*b - 505. What is p(16)?
87
Let k(f) = f**3 + 12*f**2 + 11*f - 80. What is k(-10)?
10
Let b(a) = a**3 + 3*a**2 - 70*a - 135. Give b(-9).
9
Let j(b) = -8*b**3 - 3*b**2 - 5*b + 2. Calculate j(-2).
64
Let d(q) = -22*q**2 - 119*q + 121. What is d(1)?
-20
Let d(f) = 20*f**2 - 21*f + 14. What is d(1)?
13
Let t(f) = -2*f**3 - f**2 - 32*f - 155. Calculate t(-4).
85
Let t(j) = -2*j**3 + 221*j**2 - 111*j + 109. Give t(110).
-1
Let u(z) = -z**2 + 2151*z + 150889. What is u(-68)?
-3
Let m(l) = l**3 - 27*l**2 + 45*l - 471. Give m(26).
23
Let i(f) = -f**2 - 86*f - 1319. Give i(-20).
1
Let x(o) = -o**2 - 1199*o + 10874. Calculate x(9).
2
Let h(j) = -j**3 + 35*j**2 - 65*j - 32. Give h(33).
1
Let c(t) = t**3 + 45*t**2 + 45*t - 136. Give c(-44).
-180
Let k(c) = 274*c**2 + 1645*c + 4. Give k(-6).
-2
Let r(q) = 2*q**2 + 183*q - 176. Give r(1).
9
Let t(l) = -51*l**2 + 359*l - 6. Calculate t(7).
8
Let i(o) = -102*o + 3174. Determine i(31).
12
Let a(q) = -2*q**2 + 36*q - 141. What is a(5)?
-11
Let t(b) = -3*b**2 + 72*b - 125. Calculate t(25).
-200
Let w(t) = t**2 - 11*t - 86. Determine w(13).
-60
Let p(a) = 11*a**2 + 117*a + 151. Give p(-9).
-11
Let h(f) = -f**3 - 15*f**2 - 16*f - 213. What is h(-15)?
27
Let o(y) = 1255*y - 8774. Determine o(7).
11
Let x(h) = 305*h + 889. Determine x(-3).
-26
Let m(s) = 203*s - 432. Calculate m(5).
583
Let n(h) = 40*h**2 - 215*h + 14. Calculate n(5).
-61
Let c(j) = -36*j - 1669. What is c(-76)?
1067
Let b(w) = 2*w**2 - 15*w + 58. Calculate b(-10).
408
Let o(t) = -t**3 - 11*t**2 - 3*t + 15. Calculate o(-11).
48
Let m(f) = 10*f**3 - 151*f**2 + 27*f - 177. Determine m(15).
3
Let c(t) = 34*t + 296. Determine c(-9).
-10
Let u(w) = w**2 - 99*w + 887. Give u(10).
-3
Let j(u) = -u**3 - 3*u**2 - 7*u + 3. Determine j(2).
-31
Let g(p) = 141*p**2 + 72*p - 72. What is g(1)?
141
Let r(f) = 7*f**2 + 32*f - 171. Calculate r(3).
-12
Let o(m) = -47*m**2 + 27*m - 28. Determine o(1).
-48
Let i(r) = -r**2 - 16*r - 13. Give i(-18).
-49
Let y(a) = -103*a + 1047. Give y(22).
-1219
Let p(t) = -12*t**2 + 66*t + 322. Calculate p(-5).
-308
Let x(s) = 8*s**2 - 3*s - 126. What is x(-11)?
875
Let n(l) = -12*l**3 - 49*l**2 - 12*l - 5. Give n(-4).
27
Let i(o) = -5*o**2 - 213*o + 539. Determine i(-45).
-1
Let s(m) = -69*m + 2969. Give s(43).
2
Let c(z) = -32*z + 1563. What is c(49)?
-5
Let l(i) = -17*i**2 + 120*i - 2. Determine l(7).
5
Let d(u) = -187*u - 25480. What is d(-136)?
-48
Let g(c) = 7865*c + 7859. Give g(-1).
-6
Let a(m) = m**3 + 50*m**2 - 150*m + 463. What is a(-53)?
-14
Let s(g) = 2*g**2 + 61*g - 38. What is s(-31)?
-7
Let x(l) = 2*l + 35. What is x(-21)?
-7
Let z(g) = -g**2 - 49*g + 9695. Determine z(-126).
-7
Let y(g) = g**2 - 55*g + 349. Determine y(6).
55
Let z(o) = 4*o**2 - 32*o - 62. Determine z(-2).
18
Let r(v) = -4*v**2 + 375*v + 455. What is r(95)?
-20
Let o(w) = -50*w + 265. Determine o(11).
-285
Let n(w) = 6263*w - 12533. Give n(2).
-7
Let m(t) = -t**2 + 57*t + 412. Give m(58).
354
Let a(p) = 42*p + 1409. Determine a(-32).
65
Let n(g) = g**3 - 33*g**2 + 113*g + 101. Determine n(29).
14
Let z(n) = n**3 - 10*n**2 - 22*n + 32. Give z(10).
-188
Let t(j) = 134*j + 36159. What is t(-270)?
-21
Let m(b) = -b**3 - 7*b**2 - 24*b - 82. Calculate m(-5).
-12
Let n(w) = -403*w - 7259. Determine n(-18).
-5
Let j(p) = -p**3 - 96*p**2 - 282*p + 22. Give j(-93).
301
Let j(k) = -3*k**2 - 206*k - 2421. Determine j(-15).
-6
Let w(m) = -2*m**2 - 3*m - 20. Determine w(0).
-20
Let u(j) = 2423*j - 7232. Calculate u(3).
37
Let y(f) = 17*f**2 + 12*f + 14. Give y(-1).
19
Let a(w) = -5*w**2 - 120*w + 27. Calculate a(-24).
27
Let p(l) = 599*l + 3902. What is p(-6)?
308
Let w(s) = -s**3 - 115*s**2 + 110*s - 689. Determine w(-116).
7
Let y(h) = h**3 + 5*h**2 - 5*h - 5. Determine y(-4).
31
Let p(q) = q**3 - 59*q**2 + 847*q + 93. Calculate p(34).
-9
Let g(y) = -9*y + 349. What is g(32)?
61
Let b(v) = -v**2 - 22*v + 82. Give b(-25).
7
Let a(h) = 2*h**2 - 34*h + 146. Determine a(16).
114
Let x(z) = 3*z**3 - 10*z**2 - 59*z + 61. Give x(8).
485
Let i(q) = 12362*q + 12370. What is i(-1)?
8
Let f(a) = -